1))/2 is divided by 4.
3
Let j(z) = -10*z**3 + z**2 - 1. Let m = 12 - -6. Calculate the remainder when m is divided by j(-1).
8
Let j(v) = v**2 - 21*v - 55. Calculate the remainder when j(25) is divided by 24.
21
Suppose n = 5*s - 51, 3*s + 2*n = -0*n + 28. Suppose s*j = 15*j - 60. Calculate the remainder when 47 is divided by j.
11
Suppose -2*h - 11 = -37. Suppose 663 - 153 = 10*p. Calculate the remainder when p is divided by h.
12
Let f be -6 - -10 - (-56)/1. Calculate the remainder when 37 is divided by f/8 + (-3)/(-6).
5
Suppose 2*p + o = -32 + 97, 0 = 3*o - 15. Let k = 48 - p. What is the remainder when 51 is divided by k?
15
Let y(x) = 3*x**2 + 28*x + 17. What is the remainder when 253 is divided by y(-9)?
5
Suppose -3*v + 3*w - 6*w - 90 = 0, 3*v + 87 = -2*w. Let q = 40 + v. What is the remainder when 24 is divided by q?
11
Let m(g) = g**3 - 11*g**2 + 8*g + 27. Calculate the remainder when 13 is divided by m(10).
6
Let y(m) = 29*m + 4. What is the remainder when (-11)/55 + 491/5 is divided by y(1)?
32
Suppose 176 + 93 = 10*b - 121. Let f = 42 - 21. Calculate the remainder when b is divided by f.
18
Suppose 3*r - 2*r - 6 = 0. Let x(z) = z**2 - z - 2. Calculate the remainder when x(-3) is divided by (r/(-4))/(-1)*2.
1
Let u be (-6)/(-3) + 132/2. Let c be (u/(-8))/((-2)/16). Suppose -4*m - c = -268. Calculate the remainder when m is divided by 13.
11
Let w = 46 + 12. Suppose g - 4*k + k - 19 = 0, -4*g + 3*k + w = 0. What is the remainder when 23 is divided by g?
10
Let f(y) = y**2 - 2*y - 8. Calculate the remainder when f(5) is divided by (1/(-4) + 1)*4.
1
Let g(a) = -10*a - 2. Let w be g(7). Let r = w - -145. Let x = -23 + r. What is the remainder when x is divided by 26?
24
Suppose 31*z = 281 + 711. Calculate the remainder when 221 is divided by z.
29
Let v(q) be the third derivative of q**4/8 + q**3/3 + 3*q**2. What is the remainder when 18 - (-25)/(-10)*-2 is divided by v(2)?
7
Let y(o) = o**2 - 7*o - 10. Let m be y(9). Suppose m*w + 216 = 11*w. What is the remainder when w is divided by 15?
12
Suppose 4*l = -3*t + 24, -2*l = -2*t - 3*t - 12. Let y = l - -49. Let k = y - 38. What is the remainder when 33 is divided by k?
16
Suppose -210 = -4*x - 170. Let h = 32 - 15. Suppose -3*t + 34 = -h. What is the remainder when t is divided by x?
7
Let f(k) = -8*k. Let l be f(-2). Suppose -2*r - l = 2*r, 0 = -2*t + r + 28. What is the remainder when -1 - (-70)/(1 + 1) is divided by t?
10
Let v(u) = 10*u**2 - 2*u + 1. What is the remainder when (2 - (-21)/(-2))/((68/(-8))/17) is divided by v(1)?
8
Suppose 510 = 5*k + c, 2*k + c = k + 102. Suppose -k = -6*x + 66. What is the remainder when x is divided by 6?
4
Suppose 81 = 2*v - 5*v - j, 0 = -3*j + 9. Let m = 28 + v. Suppose m = a + c - 9, 4*a = 2*c - 0*c + 36. What is the remainder when a is divided by 5?
4
Let a = -19 + -8. Let m = a + 43. Calculate the remainder when 29 is divided by m.
13
Let n(g) = 47*g + 59. Calculate the remainder when 465 is divided by n(2).
6
Let o be 1 - (-1)/(-1) - 0. Let c(s) = s**2 + s + 27. Let x(a) = -a**2 + 114*a - 1082. Calculate the remainder when x(11) is divided by c(o).
24
Let b(u) = 2*u**2 + 20*u + 99. What is the remainder when b(-10) is divided by 15?
9
Suppose 2*t - 46 = -30. Let x(i) = -3*i + 28. What is the remainder when 13 is divided by x(t)?
1
Let o(u) be the first derivative of -7*u**2/2 - 39*u + 19. What is the remainder when o(-11) is divided by 13?
12
Suppose 3*l = 4*l - 4*i - 5, 0 = 5*i. Suppose -l*q + y = -4*y - 45, y + 1 = 0. Suppose 0 = -2*k + 20 + q. What is the remainder when k is divided by 9?
5
Suppose 0 = 2*t - 4*s - 46, 33 + 23 = 4*t + 4*s. Let v be (-4)/6 + (196/(-21))/7. Calculate the remainder when (675/v)/(-5) - (-6)/(-4) is divided by t.
15
Calculate the remainder when 104 is divided by 170/8 + (-222)/24 + 9.
20
Suppose 1584 = 25*p - 141. Calculate the remainder when 205 is divided by p.
67
Let b(z) = -3*z - 12. Let r(c) = c + 4. Suppose -3*w = 2*w - 25. Calculate the remainder when b(-12) is divided by r(w).
6
Suppose 118 = 2*d + 5*u, -d = 458*u - 459*u - 59. Let b(w) = w**3 + 4*w**2 - 5*w - 5. Calculate the remainder when d is divided by b(-4).
14
Suppose 3*d - 2*f - f - 54 = 0, -2 = f. Suppose -k = 4*i - 9, 4*k + 15 = -i + 2*i. Let g = k + 12. Calculate the remainder when d is divided by g.
7
Let l = -322 + 367. What is the remainder when 178 is divided by l?
43
Let c be (-810)/20 + (-2)/(-4). Let w = c + 48. Suppose 5*d + 5*y = -0*y + 135, -4*d + 116 = 2*y. What is the remainder when d is divided by w?
7
Let p(b) = 8*b**2 - 71*b - 20. Let n(f) = 8 + 24*f + 0*f - 1 - 3*f**2. Let g(s) = 11*n(s) + 4*p(s). What is the remainder when g(-10) is divided by 25?
22
Let m = 7 - 5. Suppose -4*f + 7*f = 3*s + 75, m*f - s = 46. What is the remainder when 102 is divided by f?
18
Let m(b) be the third derivative of b**5/60 + b**4/12 - b**3/2 - 6*b**2. What is the remainder when 39 is divided by m(4)?
18
Let n = -3 + 4. Let w be -18*((-8)/6 + n). Suppose 2*s + 0 = w. What is the remainder when 5 is divided by s?
2
Let g be (-936)/(-30) + (-3)/15. Let n = g + -27. What is the remainder when 5 is divided by n?
1
Let v(k) = -k**2 + 17*k - 28. Let b be v(15). Suppose -b*y + 20 = 2*p, -3*p - 2*y = -4 - 30. Calculate the remainder when 53 is divided by p.
11
Let w(n) = -n**2 + 10*n + 10. Suppose -2*y + 49 = 5*p, 4*y + p - 69 = 2*y. What is the remainder when y is divided by w(10)?
7
Let a = -189 + 459. What is the remainder when a is divided by 70?
60
Suppose 5 = -3*o + 4*o. Suppose -o*r + 47 = 5*p - 48, -3*p = -15. Calculate the remainder when 68 is divided by r.
12
What is the remainder when (-22)/(-297)*3 + 18554/18 is divided by 94?
91
Suppose -64 = 4*l + 8. Let g be 2*1 - l/6. Suppose -g*p + 3*p = -22. Calculate the remainder when 19 is divided by p.
8
Let d(q) = -q**2 - 3*q + 1. Let x be d(-2). Suppose -4*n = -x*n - 8. Let i = -68 - -71. What is the remainder when n is divided by i?
2
Let l(y) = y**3 - 4*y**2 - 3*y + 2. Let t be l(5). What is the remainder when 55 is divided by (-3)/4 + 177/t?
13
Let g(a) = -a**3 - 6*a**2 + 19*a - 27. Calculate the remainder when g(-9) is divided by 24.
21
Suppose -6*n + 499 = -569. What is the remainder when n is divided by 63?
52
Let h(o) = -8*o + 12*o**2 - 5*o - 4 - 8 - o**3 + 0*o**2. Calculate the remainder when h(10) is divided by 20.
18
Suppose 4605*b = 4608*b - 573. Calculate the remainder when b is divided by 39.
35
Let k(f) = -3*f - f**2 + 2*f**2 - 4 + f. Suppose 3*j + i - 164 = 0, 5*i - 226 = -j - 3*j. Calculate the remainder when j is divided by k(-3).
10
Let j = 6 - -32. Calculate the remainder when 74 is divided by j.
36
Suppose 0*z - o = z + 33, 5*o = -25. Let b = z + 43. Suppose 2*l - 3*p = 51 - b, -3*l = 5*p - 35. What is the remainder when 43 is divided by l?
13
Suppose -2*f = 4*r - 25 - 11, -51 = -5*r - f. Suppose -2*o + 14 + 20 = 0. Let n = o - -15. What is the remainder when n is divided by r?
10
Let m(d) = -d**2 + 13*d - 2. Let u be 46 - 44 - (0 - 4). Calculate the remainder when u*(16 + (-5*3)/5) is divided by m(6).
38
Suppose 0 = b - 23 - 23. Let n(t) = -t. Let z(f) = -7*f + 1. Let m(a) = -6*n(a) - z(a). Calculate the remainder when b is divided by m(1).
10
Let m(v) = -v**2 + 4*v**3 - 5 + 0 - 5*v**3. Let i be m(4). Let k = 136 + i. Calculate the remainder when k is divided by 26.
25
Suppose 16 = 4*x - 4, -29 = -2*s - 3*x. Suppose 4*y - 4*a - 43 = -s, -a = -5*y + 45. Let o(i) = 7*i + 7. Calculate the remainder when o(5) is divided by y.
6
Suppose 0 = 12*i - 21*i + 99. Let z = 46 + -30. What is the remainder when (5225/10)/i + 3/(-6) is divided by z?
15
Suppose 3*q = -30 - 96. Let n(y) = -y**3 - 12*y**2 - 10*y + 10. Let g be n(-10). Let o = q - g. Calculate the remainder when o is divided by 25.
23
Let h = 39 + -78. Let u = h - -51. Calculate the remainder when 47 is divided by u.
11
Suppose 43*w - 2132 = 30*w. Suppose 45 = 3*t - 54. What is the remainder when w is divided by t?
32
Suppose -3*s + 594 = -174. Suppose 6*n - s = 2*n. Suppose f = -3*f + n. Calculate the remainder when 62 is divided by f.
14
Let x = -3901 - -4124. Let k(a) = -a + 32. Calculate the remainder when x is divided by k(0).
31
Let y be (4/(-10))/(2/(-100)). Suppose 3*h + y = q - 5, -5*q + 138 = -2*h. Let n = 551 + -